site?
True
Is 7933230953 a prime number?
False
Is 31228777157 a composite number?
False
Is 916451789 composite?
True
Is 55490385719 a composite number?
True
Is 117061509763 prime?
False
Is 2389855261 composite?
False
Is 7842923993 prime?
True
Is 723213931 a prime number?
False
Is 19754951911 composite?
True
Is 20195855389 a composite number?
False
Is 83033556023 a prime number?
False
Is 9841524727 prime?
True
Is 2216315701 prime?
True
Is 146115657113 a composite number?
False
Is 116635333 a prime number?
False
Is 620788787 a prime number?
False
Is 3041126421 a composite number?
True
Is 3011665861 a composite number?
False
Is 2308597243 composite?
False
Is 77233384747 prime?
False
Is 3299233939 prime?
True
Is 173671739 composite?
False
Is 23581778717 composite?
True
Is 16750950199 a composite number?
False
Is 1411292663 composite?
True
Is 6146462501 prime?
True
Is 4294244683 a composite number?
True
Is 606467993 prime?
False
Is 5817190069 prime?
False
Is 4304981 a composite number?
False
Is 490529269 prime?
False
Is 21041967679 composite?
True
Is 40967677585 a prime number?
False
Is 2282765201 a prime number?
False
Is 27585042421 a composite number?
False
Is 4293209237 a composite number?
True
Is 95405549531 prime?
False
Is 111878852857 a composite number?
False
Is 119235946 composite?
True
Is 65848961 composite?
True
Is 135489632189 composite?
False
Is 128183131231 composite?
True
Is 17654833171 composite?
False
Is 95936231 a composite number?
False
Is 48040760701 prime?
True
Is 70907623583 composite?
True
Is 158213911 a prime number?
True
Is 4389362011 composite?
True
Is 4915714969 composite?
True
Is 1240171663 a prime number?
False
Is 25089705149 a prime number?
False
Is 1200637909 composite?
False
Is 22741152531 a prime number?
False
Is 589216679 prime?
True
Is 177883703 prime?
False
Is 32233009 a composite number?
False
Is 12533084819 composite?
True
Is 1855250603 a composite number?
True
Is 2148518341 composite?
False
Is 7225649453 a composite number?
True
Is 168514457 composite?
True
Is 6744224999 a prime number?
False
Is 70826871319 a composite number?
False
Is 23780505509 composite?
True
Is 5298924347 prime?
False
Is 553149941 prime?
False
Is 3597127921 prime?
False
Is 50555420881 composite?
True
Is 7027352039 composite?
False
Is 12312379097 prime?
True
Is 4686748189 a prime number?
True
Is 165840283113 composite?
True
Is 5158080881 a composite number?
False
Is 67839843947 prime?
False
Is 1822667957 composite?
True
Is 1400287043 a composite number?
False
Is 15190935607 prime?
True
Is 2570848106 prime?
False
Is 775888073 prime?
False
Is 2078522773 prime?
False
Is 11157069713 a composite number?
False
Is 48146066377 composite?
True
Is 269140885753 prime?
False
Is 3656960653 composite?
True
Is 1039279009 a prime number?
False
Is 516343889 a composite number?
False
Is 372045677 prime?
False
Is 71543493331 composite?
True
Is 1547944997 a prime number?
True
Is 4524517763 composite?
False
Is 80986938521 prime?
True
Is 32972062366 a composite number?
True
Is 137531966641 a prime number?
True
Is 16692427019 composite?
True
Is 962708653 a prime number?
True
Is 7711213693 a prime number?
False
Is 14053640609 composite?
True
Is 1837720067 prime?
False
Is 48051725467 prime?
True
Is 49804939469 a composite number?
False
Is 452345748007 a composite number?
False
Is 14790393359 a composite number?
True
Is 73412482553 a prime number?
True
Is 18583365629 composite?
True
Is 24023303963 a prime number?
False
Is 16591574401 a composite number?
True
Is 333949831 composite?
False
Is 4517373713 prime?
False
Is 3481400005 a composite number?
True
Is 1120444889 a prime number?
False
Is 182418183373 composite?
False
Is 16310133271 a prime number?
False
Is 257782891 a prime number?
True
Is 65510542859 a composite number?
False
Is 94845978889 prime?
True
Is 313786031 a composite number?
True
Is 4137665713 composite?
False
Is 9747985859 a composite number?
True
Is 9412817473 prime?
True
Is 31495838833 prime?
True
Is 343411333 composite?
False
Is 17387189327 prime?
False
Is 25771700737 a prime number?
True
Is 8590842683 composite?
False
Is 970334063 a prime number?
False
Is 53216397233 composite?
False
Is 3596478695 composite?
True
Is 1135673297 a composite number?
True
Is 9310282649 a composite number?
False
Is 2182971589 a composite number?
False
Is 715910059 a composite number?
True
Is 670662757 composite?
False
Is 7147076779 composite?
False
Is 150461299 a prime number?
True
Is 94657551973 composite?
False
Is 6556498219 a composite number?
False
Is 1054247321 a composite number?
False
Is 708805573 prime?
False
Is 399331399 prime?
True
Is 368001605 prime?
False
Is 107344379 a composite number?
True
Is 23392487291 prime?
False
Is 12635018941 composite?
False
Is 28499200229 a composite number?
True
Is 1609052351 a prime number?
False
Is 3843655157 prime?
False
Is 566827093 composite?
True
Is 17178563263 a composite number?
True
Is 85704527 a composite number?
True
Is 8778734581 composite?
False
Is 51257676859 composite?
False
Is 2605250039 a prime number?
False
Is 83141491 composite?
True
Is 4357005613 composite?
True
Is 1072574551 composite?
False
Is 68045541953 a composite number?
False
Is 9968802191 prime?
False
Is 8289776447 a composite number?
False
Is 484571858657 composite?
False
Is 2203358627 a composite number?
True
Is 2100308179 composite?
False
Is 85019230057 composite?
False
Is 6993708065 composite?
True
Is 8225605551 prime?
False
Is 4530752887 prime?
False
Is 1114395019 composite?
True
Is 42186545201 composite?
True
Is 161817443 a prime number?
False
Is 459725683 prime?
True
Is 3770734217 a composite number?
True
Is 69829663549 a prime number?
True
Is 99472341967 a prime number?
True
Is 11260445219 a composite number?
True
Is 26301787139 prime?
False
Is 1386902263 a composite number?
True
Is 7974642527 composite?
True
Is 2274228149 composite?
True
Is 151087019 prime?
True
Is 746788447 composite?
True
Is 43745483233 composite?
True
Is 743181541 prime?
True
Is 6345654335 a prime number?
False
Is 24764136413 composite?
False
Is 666328489 a composite number?
False
Is 132225202 a composite number?
True
Is 2133768851 a prime number?
False
Is 54207821357 a prime number?
True
Is 1523943389 a composite number?
True
Is 1827455991 composite?
True
Is 19717918261 composite?
False
Is 1054675423 a prime number?
True
Is 1097554585 a composite number?
True
Is 197750687 a prime number?
True
Is 1031680393 a prime number?
False
Is 1089906491 composite?
False
Is 3817506299 prime?
False
Is 55883439527 a composite number?
True
Is 5009320286 prime?
False
Is 985146851 a prime number?
False
Is 3991367 prime?
False
Is 11691529189 a composite number?
True
Is 869250301 prime?
False
Is 2191187699 a prime number?
False
Is 9344883421 composite?
True
Is 192199759 a prime number?
False
Is 64203184743 a composite number?
True
Is 2897355687 a prime number?
False
Is 35629202341 composite?
False
Is 184861133 composite?
False
Is 476366663 composite?
True
Is 123237377 prime?
True
Is 9371518729 a prime number?
False
Is 13110722663 a prime number?
True
Is 473017669 a prime number?
True
Is 420050611 composite?
False
Is 113930939 composite?
True
Is 1303634021 composite?
False
Is 8765502245 a prime number?
False
Is 2522191426 prime?
False
Is 10486173809 prime?
True
Is 588335047 composite?
True
Is 965017849 composite?
False
Is 2444159573 prime?
True
Is 1031123453 a prime number?
True
Is 352087748507 composite?
True
Is 7159507573 a prime number?
True
Is 25613438999 a composite number?
True
Is 236725661 prime?
True
Is 1610520203 a composite number?
True
Is 2574522737 composite?
False
Is 2264071094 prime?
False
Is 21196000841 composite?
False
Is 74109017 a prime number?
False
Is 1073392043 composite?
True
Is 1126858571 composite?
True
Is 5198497 a composite number?
False
Is 159731147 prime?
True
Is 5437156601 a prime number?
False
Is 658127161 prime?
True
Is 2807352827 composite?
True
Is 97103267 a prime number?
False
Is 150271091 prime?
False
Is 19614195817 prime?
False
Is 2602320865 a composite number?
True
Is 7290643603 a prime number?
True
Is 693924697 composite?
True
Is 1384315069 composite?
True
Is 31231131563 prime?
True
Is 14079811283 prime?
True
Is 12294820297 composite?
False
Is 604332